3
What is the hundred thousands digit of 316880?
3
What is the tens digit of 989083?
8
What is the units digit of 97497?
7
What is the hundred thousands digit of 483395?
4
What is the hundreds digit of 4077394?
3
What is the hundreds digit of 125262?
2
What is the units digit of 176661?
1
What is the hundreds digit of 468417?
4
What is the units digit of 63547?
7
What is the hundreds digit of 5906082?
0
What is the ten thousands digit of 12196723?
9
What is the thousands digit of 3382229?
2
What is the ten thousands digit of 56386?
5
What is the ten thousands digit of 283620?
8
What is the tens digit of 7288135?
3
What is the units digit of 66565?
5
What is the hundreds digit of 9023309?
3
What is the hundred thousands digit of 863993?
8
What is the ten thousands digit of 25687900?
8
What is the units digit of 285775?
5
What is the hundred thousands digit of 106072?
1
What is the tens digit of 7319749?
4
What is the units digit of 506159?
9
What is the thousands digit of 6291730?
1
What is the units digit of 5080986?
6
What is the tens digit of 150847?
4
What is the units digit of 1148350?
0
What is the thousands digit of 1341128?
1
What is the hundreds digit of 60142?
1
What is the thousands digit of 177867?
7
What is the thousands digit of 3010192?
0
What is the hundred thousands digit of 1047158?
0
What is the tens digit of 28663965?
6
What is the millions digit of 2102796?
2
What is the hundreds digit of 71483?
4
What is the units digit of 29981349?
9
What is the hundreds digit of 80375?
3
What is the tens digit of 506815?
1
What is the thousands digit of 743812?
3
What is the hundred thousands digit of 943215?
9
What is the units digit of 405516?
6
What is the thousands digit of 266056?
6
What is the hundreds digit of 134549?
5
What is the hundred thousands digit of 1648589?
6
What is the thousands digit of 9652872?
2
What is the thousands digit of 702632?
2
What is the thousands digit of 8717642?
7
What is the thousands digit of 220734?
0
What is the hundreds digit of 10751798?
7
What is the hundreds digit of 501109?
1
What is the units digit of 3350399?
9
What is the hundreds digit of 1328655?
6
What is the millions digit of 2145426?
2
What is the thousands digit of 12938783?
8
What is the tens digit of 18412283?
8
What is the hundred thousands digit of 434637?
4
What is the units digit of 340256?
6
What is the hundreds digit of 2234551?
5
What is the hundred thousands digit of 783129?
7
What is the millions digit of 24589318?
4
What is the thousands digit of 3054574?
4
What is the units digit of 10858746?
6
What is the units digit of 1081160?
0
What is the units digit of 28723458?
8
What is the millions digit of 33286550?
3
What is the units digit of 11321?
1
What is the thousands digit of 62191?
2
What is the units digit of 392409?
9
What is the units digit of 2176616?
6
What is the tens digit of 811440?
4
What is the thousands digit of 922618?
2
What is the ten thousands digit of 7159998?
5
What is the hundreds digit of 7249809?
8
What is the hundred thousands digit of 4705681?
7
What is the thousands digit of 1781779?
1
What is the hundred thousands digit of 473981?
4
What is the thousands digit of 133354?
3
What is the millions digit of 2352913?
2
What is the ten thousands digit of 544456?
4
What is the thousands digit of 50550?
0
What is the thousands digit of 2873185?
3
What is the hundred thousands digit of 21029860?
0
What is the millions digit of 7891334?
7
What is the units digit of 5875201?
1
What is the thousands digit of 785172?
5
What is the ten thousands digit of 4365545?
6
What is the hundred thousands digit of 2155633?
1
What is the thousands digit of 506538?
6
What is the ten thousands digit of 807663?
0
What is the ten thousands digit of 165857?
6
What is the millions digit of 3464430?
3
What is the thousands digit of 109866?
9
What is the ten thousands digit of 342296?
4
What is the tens digit of 23721?
2
What is the tens digit of 141479?
7
What is the units digit of 34484767?
7
What is the tens digit of 919858?
5
What is the units digit of 269332?
2
What is the units digit of 116379?
9
What is the ten millions digit of 23202940?
2
What is the tens digit of 256243?
4
What is the millions digit of 17521937?
7
What is the tens digit of 1274949?
4
What is the units digit of 184479?
9
What is the units digit of 75583?
3
What is the hundreds digit of 952382?
3
What is the thousands digit of 479551?
9
What is the thousands digit of 169442?
9
What is the ten thousands digit of 1792712?
9
What is the tens digit of 7362964?
6
What is the hundreds digit of 394708?
7
What is the ten thousands digit of 53034?
5
What is the ten thousands digit of 386775?
8
What is the hundreds digit of 5255979?
9
What is the millions digit of 1346692?
1
What is the tens digit of 1215808?
0
What is the ten thousands digit of 632604?
3
What is the thousands digit of 271321?
1
What is the units digit of 1176340?
0
What is the ten thousands digit of 56204?
5
What is the hundred thousands digit of 821562?
8
What is the ten thousands digit of 569541?
6
What is the thousands digit of 268139?
8
What is the ten thousands digit of 251660?
5
What is the ten thousands digit of 3982745?
8
What is the ten thousands digit of 10941488?
4
What is the hundreds digit of 342983?
9
What is the ten thousands digit of 917423?
1
What is the thousands digit of 822049?
2
What is the millions digit of 4224830?
4
What is the hundreds digit of 556129?
1
What is the thousands digit of 186545?
6
What is the thousands digit of 160445?
0
What is the hundred thousands digit of 2335617?
3
What is the hundreds digit of 15532970?
9
What is the ten thousands digit of 7218692?
1
What is the units digit of 4420292?
2
What is the hundred thousands digit of 472821?
4
What is the ten thousands digit of 7742474?
4
What is the ten thousands digit of 19316856?
1
What is the ten thousands digit of 1776012?
7
What is the units digit of 1160498?
8
What is the tens digit of 822730?
3
What is the ten millions digit of 28642141?
2
What is the thousands digit of 18322011?
2
What is the tens digit of 585169?
6
What is the hundreds digit of 144051?
0
What is the thousands digit of 1258051?
8
What is the tens digit of 190039?
3
What is the ten thousands digit of 8211532?
1
What is the hundred thousands digit of 673385?
6
What is the thousands digit of 1297259?
7
What is the thousands digit of 914314?
4
What is the ten thousands digit of 761062?
6
What is the thousands digit of 27547804?
7
What is the millions digit of 5301303?
5
What is the millions digit of 3426268?
3
What is the ten thousands digit of 149336?
4
What is the thousands digit of 2658198?
8
What is the tens digit of 2023209?
0
What is the tens digit of 79284?
8
What is the millions digit of 20581268?
0
What is the thousands digit of 11349382?
9
What is the ten thousands digit of 5963153?
6
What is the ten thousands digit of 238889?
3
What is the millions digit of 1214770?
1
What is the millions digit of 2036636?
2
What is the units digit of 354293?
3
What is the hundred thousands digit of 287132?
2
What is the units digit of 7842808?
8
What is the hundreds digit of 508002?
0
What is the ten thousands digit of 325868?
2
What is the thousands digit of 391237?
1
What is the ten thousands digit of 2982389?
8
What is the thousands digit of 814111?
4
What is the hundreds digit of 98483?
4
What is the thousands digit of 290679?
0
What is the hundred thousands digit of 32667879?
6
What is the tens digit of 6502653?
5
What is the tens digit of 31699?
9
What is the ten thousands digit of 128046?
2
What is the hundreds digit of 1228957?
9
What is the hundreds digit of 882576?
5
What is the hundred thousands digit of 627693?
6
What is the hundreds digit of 113273?
2
What is the units digit of 122484?
4
What is the units digit of 1228289?
9
What is the hundred thousands digit of 2170591?
1
What is the thousands digit of 57563?
7
What is the tens digit of 1451080?
8
What is the hundred thousands digit of 14425244?
4
What is the hundreds digit of 2461222?
2
What is the tens digit of 91533?
3
What is the tens digit of 1475711?
1
What is the units digit of 2751273?
3
What is the ten thousands digit of 15326684?
2
What is the ten thousands digit of 